is the remainder when k is divided by o?
7
Suppose g + 2*g = -24. Let b = g - -6. What is the remainder when 25 + b - -1 - 2 is divided by 12?
10
Let a(i) = i**3 - i**2 + i + 7. Suppose 8*l - 3*l + 90 = 5*s, 0 = -2*l - 4*s - 6. Let d = -9 - l. What is the remainder when a(0) is divided by d?
3
Let z(w) = -w**2 + 23*w + 21. Calculate the remainder when z(19) is divided by 7.
6
Suppose -3*a = a - 84. Let v be (60/(-14))/((-3)/a). Suppose 0 = -3*z + z + v. What is the remainder when 44 is divided by z?
14
Let y(n) = -2*n + 3*n**2 + 3*n + 20*n**2 - n**2. Calculate the remainder when y(1) is divided by 12.
11
Suppose -3*y + 7 = -y - 3*l, 0 = -2*y - 3*l + 25. Let p = -2 - -2. Suppose -3*g + p*g + 45 = 0. Calculate the remainder when g is divided by y.
7
Let f(w) = 5*w**2 + 2*w + 2. Let i be f(-2). Suppose 5*b + 3 = i. Calculate the remainder when 8 is divided by b.
2
Suppose -2*a = -7*a. Suppose a = -5*z + 4*z + 4, 0 = f + 4*z - 43. Calculate the remainder when 544/18 - 6/f is divided by 16.
14
Let h(c) = c + 6. Let l = 6 + -1. What is the remainder when h(l) is divided by 4?
3
Suppose -5*s + 0*v - 2*v + 493 = 0, 0 = -5*v - 5. What is the remainder when s is divided by 25?
24
Suppose -4*l + 5*t = -5 - 5, -t - 13 = -3*l. What is the remainder when 38 is divided by l?
3
Let u = -6 + 8. Suppose 9 = t - g, u*t - g - 7 = 9. Suppose 25 - t = 2*h. What is the remainder when h is divided by 3?
0
Let w = 0 + 0. What is the remainder when (3 + -4)*1 - -20 is divided by (w + 3)*10/3?
9
Calculate the remainder when (192/(-9))/(-1)*3 is divided by 13.
12
Let z = -61 + 124. What is the remainder when 249 is divided by z?
60
Let d(s) = 3 - 2 + 3*s - 11*s - 2. What is the remainder when 59 is divided by d(-2)?
14
Suppose -4*j - 7 = -3*r, -4*r - 2*j = -3*r - 9. Suppose -3*a + 5*n + 22 = 0, -r*a + 7 + 41 = 3*n. What is the remainder when 26 is divided by a?
8
Let t(g) = -9*g + 3. Let p be t(3). Let x(b) = -b**2 - 7*b + 4. What is the remainder when x(-6) is divided by p/10*5/(-2)?
4
Let u(t) = 19*t**3 - t. What is the remainder when u(1) is divided by 10?
8
Let d(q) = -q**3 + 4*q**2 + 6*q + 2. Let f(a) = a**2 + 12*a - 2. Let i be f(-11). Let n = i - -32. Calculate the remainder when n is divided by d(5).
5
Suppose 152 = 8*n - 0*n. What is the remainder when (-2)/4 + (-213)/(-6) is divided by n?
16
Let s(m) = m**2 + 7*m - 8. Calculate the remainder when s(6) is divided by (-2)/(-5) - (-118)/5.
22
Suppose -24 = -2*r + 2*a + a, -4 = 2*a. Let c = -10 - -15. Calculate the remainder when r is divided by c.
4
Suppose 0*u + 4 = 2*u. Suppose -2*q = 3*w + u*w - 242, -2*w = -4*q - 92. Calculate the remainder when w is divided by 10.
8
Let i be 20/3 - 3/(-9). Let k(c) = -1 + 7*c + i*c - 7*c. What is the remainder when 36 is divided by k(2)?
10
Let s be 1*-10*(-4)/8. Suppose -6*g + s*g = -29. What is the remainder when 113 is divided by g?
26
Let y = 30 + -26. What is the remainder when 6 is divided by y?
2
Calculate the remainder when 52 is divided by (-2)/3*(-44 - 3 - -5).
24
Let k = -1 - -1. Let j = 4 + k. Suppose 13*t - 18*t = -10. What is the remainder when j is divided by t?
0
Let b = -211 + 238. What is the remainder when 75 is divided by b?
21
Let o(w) = -37*w - 5. What is the remainder when o(-2) is divided by 12?
9
Suppose -4*d + 12 = -0*d. Suppose -4*j + 3*j + 11 = 0. Calculate the remainder when -1*(d + -2) - -32 is divided by j.
9
Let o(b) = b**3 - 11*b**2 + 4. Suppose 4*u - m = 3*u + 14, 0 = 4*u - 3*m - 52. Calculate the remainder when u is divided by o(11).
2
Suppose 4*c = 32 + 36. Let y be 3 - (1 - (-2 - 0)). Suppose 2*f - 7*f + 30 = y. What is the remainder when c is divided by f?
5
Suppose 3 - 15 = -4*x. Calculate the remainder when (-6)/9*3*-5 is divided by x.
1
Suppose -3*y + 24 = 3*f, -4*y = 2*f - 10 - 12. What is the remainder when 14 is divided by y?
2
Suppose i - 12 = 2. Suppose -3 - 22 = -5*c. What is the remainder when i is divided by c?
4
Let c(p) = 6*p - 30. Calculate the remainder when 35 is divided by c(8).
17
Let r(h) = -10*h - 22. What is the remainder when r(-12) is divided by 25?
23
Let g = -5 - -8. Suppose -p - z = -20, g*p - 66 = -0*p - 5*z. What is the remainder when p is divided by 3/6 + (-11)/(-2)?
5
Let u = -14 - -43. Calculate the remainder when 55 is divided by u.
26
Let n(c) be the second derivative of -17*c**5/10 - c**4/12 + c**3/6 + c**2/2 - 3*c. Calculate the remainder when n(-1) is divided by 17.
16
Suppose -4 = -3*c + 20. Suppose -5*m = -f - 112, -2*m + 5*f = -7*m + 100. What is the remainder when m is divided by c?
6
Suppose -51 = 2*m - 7. Let z = m - -48. Let w = -115 + 191. Calculate the remainder when w is divided by z.
24
Suppose 0 = 5*o - 4*n + 10, -3*o = -5*n - 0*n + 6. Suppose 7 = -2*k + 5*b, 2*b - 3 = 2*k + b. Let f = k - o. Calculate the remainder when 2 is divided by f.
0
Suppose -2*p = -56 - 22. What is the remainder when p is divided by 8?
7
Let b(o) = o**3 - 8*o**2 + 3. Let r be b(8). Suppose 8*n = r*n + 75. Calculate the remainder when 27 is divided by n.
12
Suppose 2*r = -r + 36. What is the remainder when (-183)/(-4) + (-18)/24 is divided by r?
9
Let u be 18/(-6) + 0 + 7. Suppose 0 = -x - 3*f + 11, -4*x + 3*x + 11 = -u*f. What is the remainder when 42 is divided by x?
9
Let s be (4/(-12))/((-1)/15). Let g = s + -4. Suppose -2*u + 3 + g = 0. Calculate the remainder when 4 is divided by u.
0
Suppose 0 = j + 2 + 7. Let u(k) = -k**3 - 10*k**2 - 11*k - 6. What is the remainder when 33 is divided by u(j)?
9
Suppose -10 = -2*k, -f - 11 = f - 5*k. Calculate the remainder when 19 is divided by f.
5
Suppose 3*d = 28 + 2. Suppose -5*v + 84 = -2*v. Calculate the remainder when v is divided by d.
8
Suppose 0 = 2*v - 8 - 0, 0 = 2*m + 3*v - 8. What is the remainder when 19 is divided by -2 + (m - -15 - 0)?
8
Suppose -71 = -3*t - 8. Calculate the remainder when 104 is divided by t.
20
Suppose 4*s - 7 = 5. Suppose -4 = 3*x - 3*w - 1, x = -5*w - 1. Calculate the remainder when 1 + (x - 7*-1) is divided by s.
1
Suppose 2*m + 22 = 5*z, -5*z - 4*m + 1 + 15 = 0. Suppose -121 = -z*y + 91. What is the remainder when y is divided by 18?
17
Let t(a) = -a**3 + 2*a - 1. Let p be t(1). Let f = 13 - p. Calculate the remainder when f is divided by 4.
1
Let g(i) = 10*i - 6. Suppose -a + 0*a - 9 = -3*c, a + 4*c - 26 = 0. Calculate the remainder when g(a) is divided by 14.
12
Let s = -8 - -14. What is the remainder when 1/(-3)*153/(-3) is divided by s?
5
Let a(i) = -3*i. Suppose 4*m + 7 = 3. What is the remainder when (-22)/(-3) - (-4)/6 is divided by a(m)?
2
Suppose -5*w = -26 + 6. Let p = 4 - w. Suppose p = -3*o + 84 - 15. What is the remainder when 67 is divided by o?
21
Suppose a = 2*s - 19, 10*a - 5*a - 4 = -s. What is the remainder when s is divided by 4?
1
Calculate the remainder when 53 is divided by 1*(13 - -4) - 3.
11
Let m be 2 + -2 + (5 - 0). Let s(r) = -r**2 + 0 + 0 - 6*r + m + 3*r**2. What is the remainder when 37 is divided by s(4)?
11
Let x = -68 - -166. What is the remainder when x is divided by 25?
23
Suppose 4*r = 2*r + 52. Let f(u) = 2*u - 9. Let l be f(6). Suppose -2*k - 55 = -7*v + 2*v, -l*k = v + 6. Calculate the remainder when r is divided by v.
8
Suppose -4*d + 0 - 6 = 2*b, -3*d + 28 = -5*b. Let m(z) be the second derivative of 37*z**4/12 + z. Calculate the remainder when m(d) is divided by 13.
11
Suppose 4*c = 12 + 64. Calculate the remainder when 73 - (2/(-3) - (-56)/84) is divided by c.
16
Let k(i) = -i**2 + 25*i - 2. Calculate the remainder when k(18) is divided by 14.
12
Suppose -3*n = -4*n - 15. Calculate the remainder when 13 is divided by 1/((-33)/n + -2).
3
Suppose 3*z + 15 = 3*d, -3*z = 3*d - 2*z - 15. Calculate the remainder when d is divided by 3.
2
Let l = 7 + -5. Suppose m = -m + 8. Let n = -2 + m. What is the remainder when l is divided by n?
0
Let t = -17 - -20. Calculate the remainder when t is divided by 2.
1
Let t(z) = -4*z - 2. What is the remainder when 63 is divided by t(-5)?
9
Suppose -3*j - 7 = 5. Let i = -7 - j. Calculate the remainder when 27 is divided by -1 - -17 - (-1 - i).
13
What is the remainder when 26 is divided by (40/(-14))/(8/(-28))?
6
Suppose 43 = 3*s + 4. What is the remainder when 48 is divided by s?
9
Let g(q) be the second derivative of -5*q**3/6 - 5*q. What is the remainder whe